{"id":135,"date":"2024-09-02T16:59:40","date_gmt":"2024-09-02T16:59:40","guid":{"rendered":"https:\/\/www.suomentislaamoliitto.fi\/?page_id=135"},"modified":"2024-09-24T16:01:26","modified_gmt":"2024-09-24T16:01:26","slug":"tislaamoliitto","status":"publish","type":"page","link":"https:\/\/www.suomentislaamoliitto.fi\/","title":{"rendered":"Etusivu"},"content":{"rendered":"\n<div class=\"wp-block-group alignfull has-base-2-background-color has-background has-global-padding is-layout-constrained wp-container-core-group-is-layout-490fa1db wp-block-group-is-layout-constrained\" style=\"padding-top:var(--wp--preset--spacing--50);padding-right:var(--wp--preset--spacing--50);padding-bottom:var(--wp--preset--spacing--50);padding-left:var(--wp--preset--spacing--50)\">\n<div class=\"wp-block-group has-global-padding is-content-justification-center is-layout-constrained wp-container-core-group-is-layout-fc758f70 wp-block-group-is-layout-constrained\">\n<h1 class=\"wp-block-heading has-text-align-center is-style-default has-text-color has-link-color has-heading-font-family wp-elements-ecb398b46b2a62558c17d6955aa6c1e1\" style=\"color:#c38f70;margin-top:0;margin-right:var(--wp--preset--spacing--60);margin-bottom:0;margin-left:var(--wp--preset--spacing--60);padding-top:0;padding-right:0;padding-bottom:0;padding-left:0;font-size:clamp(1.502rem, 1.502rem + ((1vw - 0.2rem) * 1.663), 2.5rem);\"><strong>Suomen tislaamot yhdistiv\u00e4t voimansa perustamalla Suomen Tislaamoliiton<\/strong><\/h1>\n\n\n\n<p><\/p>\n\n\n\n<div style=\"height:1.25rem\" aria-hidden=\"true\" class=\"wp-block-spacer\"><\/div>\n\n\n\n<p class=\"has-text-align-center\">Suomalaiset tislaamot yhdistiv\u00e4t voimansa tukemaan kilpailukyky\u00e4 ja kansainv\u00e4listymist\u00e4.<\/p>\n\n\n\n<p class=\"has-text-align-center\">T\u00e4st\u00e4 yhteisty\u00f6st\u00e4 syntyi juuri perustettu Suomen Tislaamoliitto, joka kokoaa yhteen kotimaan tislaamot ja alan toimijat. Tislaamoliitto on ensimm\u00e4inen laatuaan Suomessa, ja sen tarkoituksena on edist\u00e4\u00e4 kotimaisten tislaamoiden toimintaa, jakaa tietoa sek\u00e4 tukea alan kehityst\u00e4 ja yhteisty\u00f6t\u00e4 erityisesti nykyisess\u00e4 muuttuvassa alkoholipoliittisessa ymp\u00e4rist\u00f6ss\u00e4.<\/p>\n\n\n\n<p class=\"has-text-align-center\"><\/p>\n\n\n\n<div style=\"height:1.25rem\" aria-hidden=\"true\" class=\"wp-block-spacer\"><\/div>\n\n\n\n<div style=\"height:var(--wp--preset--spacing--30)\" aria-hidden=\"true\" class=\"wp-block-spacer\"><\/div>\n<\/div>\n<\/div>\n\n\n\n<div class=\"wp-block-group alignfull has-base-2-background-color has-background has-global-padding is-layout-constrained wp-container-core-group-is-layout-669513ed wp-block-group-is-layout-constrained\" style=\"margin-top:0;margin-bottom:0;padding-top:var(--wp--preset--spacing--50);padding-right:var(--wp--preset--spacing--50);padding-bottom:var(--wp--preset--spacing--50);padding-left:var(--wp--preset--spacing--50);background-image:url(&apos;https:\/\/www.suomentislaamoliitto.fi\/wp-content\/uploads\/2024\/09\/kellotaso.png&apos;);background-position:50% 0;background-size:cover;\">\n<h2 class=\"wp-block-heading has-text-align-center is-style-default has-text-color has-link-color has-heading-font-family wp-elements-7853efb59faa2c817589da37ecde1a51\" style=\"color:#c38f70\"><strong>Liiton perustaja j\u00e4senist\u00f6\u00f6n kuuluu yli 20 suomalaista tislaamoa<\/strong><\/h2>\n\n\n\n<div class=\"wp-block-group is-vertical is-content-justification-center is-layout-flex wp-container-core-group-is-layout-52b864f0 wp-block-group-is-layout-flex\">\n<div style=\"height:0px\" aria-hidden=\"true\" class=\"wp-block-spacer wp-container-content-4f2ccadb\"><\/div>\n\n\n\n<p class=\"has-text-align-center\">Tislaamoliittoa on ollut perustamassa kattava edustus suomalaisien tislaamoiden ammattilaisia yli 20 tislaamosta kuten<\/p>\n\n\n\n<p><\/p>\n\n\n\n<p class=\"has-text-align-center\"><\/p>\n\n\n\n<p class=\"has-text-align-center\"><em>Valamo, Nordic Premium Beverages, Kyr\u00f6 Distillery Company, Koto Spirits, Turun tislaamo Oy, Kolima Distillery, H\u00e4jy Distilling Company, Beer Hunter\u00b4s, \u00c4gr\u00e4s Distillery, 1000 Lakes Distillery, Kattilalaakson Tislaamo, Kimito Distilling Company, Heidell Distillery, Tuori Distilling Company, Ruukki Distillery, Savon Kyynel, Uljas Distillery &amp; Brewery, Pirula, Nuija Distillery, Tampere Brewing &amp; Distilling Co, H\u00e4meen ammatti-instituutti\/Lepaan tislaamo.<\/em><\/p>\n\n\n\n<p><\/p>\n\n\n\n<p><\/p>\n\n\n\n<p class=\"has-text-align-center\">Yhdess\u00e4 n\u00e4m\u00e4 yritykset muodostavat vahvan rintaman, joka on sitoutunut edist\u00e4m\u00e4\u00e4n suomalaisen tislaamokulttuurin n\u00e4kyvyytt\u00e4 ja arvostusta sek\u00e4 kotimaassa ett\u00e4 ulkomailla.<\/p>\n<\/div>\n\n\n\n<div style=\"margin-top:0;margin-bottom:0;height:var(--wp--preset--spacing--40)\" aria-hidden=\"true\" class=\"wp-block-spacer\"><\/div>\n<\/div>\n\n\n\n<div class=\"wp-block-group alignfull has-base-color has-contrast-background-color has-text-color has-background has-global-padding is-layout-constrained wp-container-core-group-is-layout-ef3d885c wp-block-group-is-layout-constrained\" style=\"margin-top:0;margin-bottom:0;padding-top:var(--wp--preset--spacing--60);padding-right:var(--wp--preset--spacing--60);padding-bottom:var(--wp--preset--spacing--60);padding-left:var(--wp--preset--spacing--60)\">\n<div class=\"wp-block-group has-global-padding is-layout-constrained wp-block-group-is-layout-constrained\">\n<p class=\"has-text-align-center has-text-color has-heading-font-family has-x-large-font-size\" style=\"color:#c38f70;line-height:1.2\"><em>\u201cSuomessa on ainutlaatuinen ymp\u00e4rist\u00f6 ja perinteet, jotka tukevat korkealaatuisten tislaamotuotteiden valmistusta. Tavoitteenamme on varmistaa, ett\u00e4 suomalainen tislaamoteollisuus saa ansaitsemansa paikan kansainv\u00e4lisill\u00e4 markkinoilla.\u201d<\/em><\/p>\n\n\n\n<div style=\"height:var(--wp--preset--spacing--10)\" aria-hidden=\"true\" class=\"wp-block-spacer\"><\/div>\n\n\n\n<div class=\"wp-block-group is-vertical is-content-justification-center is-nowrap is-layout-flex wp-container-core-group-is-layout-2dc08cea wp-block-group-is-layout-flex\">\n<figure class=\"wp-block-image aligncenter size-thumbnail is-resized has-custom-border wp-duotone-111111-rgb195143112-1\"><img loading=\"lazy\" decoding=\"async\" width=\"150\" height=\"150\" src=\"https:\/\/www.suomentislaamoliitto.fi\/wp-content\/uploads\/2024\/09\/ar-150x150.png\" alt=\"\" class=\"wp-image-324\" style=\"border-radius:100px;aspect-ratio:1;object-fit:cover;width:90px\" srcset=\"https:\/\/www.suomentislaamoliitto.fi\/wp-content\/uploads\/2024\/09\/ar-150x150.png 150w, https:\/\/www.suomentislaamoliitto.fi\/wp-content\/uploads\/2024\/09\/ar-300x300.png 300w, https:\/\/www.suomentislaamoliitto.fi\/wp-content\/uploads\/2024\/09\/ar.png 424w\" sizes=\"auto, (max-width: 150px) 100vw, 150px\" \/><\/figure>\n\n\n\n<p class=\"has-text-align-center has-text-color has-link-color wp-elements-fd099364f8bc408578b7f44e92c51e5c\" style=\"color:#c38f70;margin-top:var(--wp--preset--spacing--10);margin-bottom:0\">Asko Ryyn\u00e4nen<\/p>\n\n\n\n<p class=\"has-text-align-center has-text-color has-link-color has-small-font-size wp-elements-dd5cfc43b5c7bb17936c40751c75e6d9\" style=\"color:#c38f70;margin-top:var(--wp--preset--spacing--10);margin-bottom:0\">PJ, Suomen tislaamoliitto<\/p>\n<\/div>\n<\/div>\n<\/div>\n\n\n\n<div class=\"wp-block-group alignfull has-base-2-background-color has-background has-global-padding is-layout-constrained wp-container-core-group-is-layout-d89aad35 wp-block-group-is-layout-constrained\" style=\"margin-top:0;margin-bottom:0;padding-top:var(--wp--preset--spacing--50);padding-right:var(--wp--preset--spacing--50);padding-bottom:var(--wp--preset--spacing--50);padding-left:var(--wp--preset--spacing--50)\">\n<div class=\"wp-block-group alignwide has-base-2-background-color has-background has-global-padding is-layout-constrained wp-container-core-group-is-layout-39412042 wp-block-group-is-layout-constrained\" style=\"border-radius:16px;padding-top:var(--wp--preset--spacing--40);padding-right:var(--wp--preset--spacing--50);padding-bottom:var(--wp--preset--spacing--40);padding-left:var(--wp--preset--spacing--50)\">\n<h2 class=\"wp-block-heading has-text-align-center is-style-default has-text-color has-link-color has-heading-font-family has-x-large-font-size wp-elements-f90f674b045a268d7508d614d3b2ebd9\" style=\"color:#c38f70\">LIITY J\u00c4SENEKSI!<\/h2>\n\n\n\n<p class=\"has-text-align-center\">1. Suomen Tislaamoliiton <strong>varsinaista yritysj\u00e4senyytt\u00e4<\/strong> voi hakea Suomessa tislausteollisuutta<br>harjoittava oikeuskelpoinen yhteis\u00f6 tai yritys, joka on muista saman toimialan yrityksist\u00e4 tai<br>yhteis\u00f6ist\u00e4 riippumaton ja joka valmistaa nautittavaksi tarkoitettuja tisleit\u00e4 sek\u00e4 tisleist\u00e4<br>valmistettuja juomia ja jolla on suomalainen valmistuslupa sek\u00e4 suomalainen y-tunnus.<br><br>2. <strong>Liit\u00e4nn\u00e4isj\u00e4senen\u00e4<\/strong> voi olla alkoholijuoma-alalla toimiva, maahantuontia harjoittava<br>oikeuskelpoinen yhteis\u00f6 tai yritys.<\/p>\n\n\n\n<p class=\"has-text-align-center\">3. <strong>Kannatusj\u00e4senyytt\u00e4<\/strong> voit hakea jos haluat olla edist\u00e4m\u00e4ss\u00e4 liiton<br>tarkoitusta ja toimintaa.<\/p>\n\n\n\n<div class=\"wp-block-buttons is-content-justification-center is-layout-flex wp-container-core-buttons-is-layout-a89b3969 wp-block-buttons-is-layout-flex\">\n<div class=\"wp-block-button\" id=\"https:\/\/www.suomentislaamoliitto.fi\/?page_id=82&amp;preview=true\"><a class=\"wp-block-button__link wp-element-button\" href=\"https:\/\/www.suomentislaamoliitto.fi\/?page_id=82&amp;preview=true\">Hae j\u00e4senyytt\u00e4<\/a><\/div>\n<\/div>\n<\/div>\n<\/div>\n","protected":false},"excerpt":{"rendered":"<p>Suomen tislaamot yhdistiv\u00e4t voimansa perustamalla Suomen Tislaamoliiton Suomalaiset tislaamot yhdistiv\u00e4t voimansa tukemaan kilpailukyky\u00e4 ja kansainv\u00e4listymist\u00e4. T\u00e4st\u00e4 yhteisty\u00f6st\u00e4 syntyi juuri perustettu Suomen Tislaamoliitto, joka kokoaa yhteen kotimaan tislaamot ja alan toimijat. Tislaamoliitto on ensimm\u00e4inen laatuaan Suomessa, ja sen tarkoituksena on edist\u00e4\u00e4 kotimaisten tislaamoiden toimintaa, jakaa tietoa sek\u00e4 tukea alan kehityst\u00e4 ja yhteisty\u00f6t\u00e4 erityisesti nykyisess\u00e4 muuttuvassa alkoholipoliittisessa [&hellip;]<\/p>\n","protected":false},"author":1,"featured_media":0,"parent":0,"menu_order":0,"comment_status":"closed","ping_status":"closed","template":"page-no-title","meta":{"_monsterinsights_skip_tracking":false,"_monsterinsights_sitenote_active":false,"_monsterinsights_sitenote_note":"","_monsterinsights_sitenote_category":0,"footnotes":""},"class_list":["post-135","page","type-page","status-publish","hentry"],"yoast_head":"<!-- This site is optimized with the Yoast SEO plugin v27.5 - https:\/\/yoast.com\/product\/yoast-seo-wordpress\/ -->\n<title>Suomen Tislaamoliitto<\/title>\n<meta name=\"description\" content=\"Kotimaiset tislaamot yhdistiv&auml;t voimansa perustamalla Suomen Tislaamoliiton -\" \/>\n<meta name=\"robots\" content=\"index, follow, max-snippet:-1, max-image-preview:large, max-video-preview:-1\" \/>\n<link rel=\"canonical\" href=\"https:\/\/www.suomentislaamoliitto.fi\/\" \/>\n<meta property=\"og:locale\" content=\"fi_FI\" \/>\n<meta property=\"og:type\" content=\"article\" \/>\n<meta property=\"og:title\" content=\"Suomen Tislaamoliitto\" \/>\n<meta property=\"og:description\" content=\"Kotimaiset tislaamot yhdistiv&auml;t voimansa perustamalla Suomen Tislaamoliiton -\" \/>\n<meta property=\"og:url\" content=\"https:\/\/www.suomentislaamoliitto.fi\/\" \/>\n<meta property=\"og:site_name\" content=\"Suomen Tislaamoliitto\" \/>\n<meta property=\"article:modified_time\" content=\"2024-09-24T16:01:26+00:00\" \/>\n<meta property=\"og:image\" content=\"https:\/\/www.suomentislaamoliitto.fi\/wp-content\/uploads\/2024\/09\/ar-150x150.png\" \/>\n<meta name=\"twitter:card\" content=\"summary_large_image\" \/>\n<meta name=\"twitter:label1\" content=\"Arvioitu lukuaika\" \/>\n\t<meta name=\"twitter:data1\" content=\"2 minuuttia\" \/>\n<script type=\"application\/ld+json\" class=\"yoast-schema-graph\">{\"@context\":\"https:\\\/\\\/schema.org\",\"@graph\":[{\"@type\":\"WebPage\",\"@id\":\"https:\\\/\\\/www.suomentislaamoliitto.fi\\\/\",\"url\":\"https:\\\/\\\/www.suomentislaamoliitto.fi\\\/\",\"name\":\"Suomen Tislaamoliitto\",\"isPartOf\":{\"@id\":\"https:\\\/\\\/www.suomentislaamoliitto.fi\\\/#website\"},\"primaryImageOfPage\":{\"@id\":\"https:\\\/\\\/www.suomentislaamoliitto.fi\\\/#primaryimage\"},\"image\":{\"@id\":\"https:\\\/\\\/www.suomentislaamoliitto.fi\\\/#primaryimage\"},\"thumbnailUrl\":\"https:\\\/\\\/www.suomentislaamoliitto.fi\\\/wp-content\\\/uploads\\\/2024\\\/09\\\/ar-150x150.png\",\"datePublished\":\"2024-09-02T16:59:40+00:00\",\"dateModified\":\"2024-09-24T16:01:26+00:00\",\"description\":\"Kotimaiset tislaamot yhdistiv&auml;t voimansa perustamalla Suomen Tislaamoliiton -\",\"breadcrumb\":{\"@id\":\"https:\\\/\\\/www.suomentislaamoliitto.fi\\\/#breadcrumb\"},\"inLanguage\":\"fi\",\"potentialAction\":[{\"@type\":\"ReadAction\",\"target\":[\"https:\\\/\\\/www.suomentislaamoliitto.fi\\\/\"]}]},{\"@type\":\"ImageObject\",\"inLanguage\":\"fi\",\"@id\":\"https:\\\/\\\/www.suomentislaamoliitto.fi\\\/#primaryimage\",\"url\":\"https:\\\/\\\/www.suomentislaamoliitto.fi\\\/wp-content\\\/uploads\\\/2024\\\/09\\\/ar.png\",\"contentUrl\":\"https:\\\/\\\/www.suomentislaamoliitto.fi\\\/wp-content\\\/uploads\\\/2024\\\/09\\\/ar.png\",\"width\":424,\"height\":424},{\"@type\":\"BreadcrumbList\",\"@id\":\"https:\\\/\\\/www.suomentislaamoliitto.fi\\\/#breadcrumb\",\"itemListElement\":[{\"@type\":\"ListItem\",\"position\":1,\"name\":\"Etusivu\",\"item\":\"https:\\\/\\\/www.suomentislaamoliitto.fi\\\/\"},{\"@type\":\"ListItem\",\"position\":2,\"name\":\"Etusivu\"}]},{\"@type\":\"WebSite\",\"@id\":\"https:\\\/\\\/www.suomentislaamoliitto.fi\\\/#website\",\"url\":\"https:\\\/\\\/www.suomentislaamoliitto.fi\\\/\",\"name\":\"Suomen Tislaamoliitto\",\"description\":\"Kotimaiset tislaamot yhdistiv&auml;t voimansa perustamalla Suomen Tislaamoliiton\",\"publisher\":{\"@id\":\"https:\\\/\\\/www.suomentislaamoliitto.fi\\\/#organization\"},\"alternateName\":\"Tislaamoliitto\",\"potentialAction\":[{\"@type\":\"SearchAction\",\"target\":{\"@type\":\"EntryPoint\",\"urlTemplate\":\"https:\\\/\\\/www.suomentislaamoliitto.fi\\\/?s={search_term_string}\"},\"query-input\":{\"@type\":\"PropertyValueSpecification\",\"valueRequired\":true,\"valueName\":\"search_term_string\"}}],\"inLanguage\":\"fi\"},{\"@type\":\"Organization\",\"@id\":\"https:\\\/\\\/www.suomentislaamoliitto.fi\\\/#organization\",\"name\":\"Suomen Tislaamoliitto\",\"alternateName\":\"Tislaamoliitto\",\"url\":\"https:\\\/\\\/www.suomentislaamoliitto.fi\\\/\",\"logo\":{\"@type\":\"ImageObject\",\"inLanguage\":\"fi\",\"@id\":\"https:\\\/\\\/www.suomentislaamoliitto.fi\\\/#\\\/schema\\\/logo\\\/image\\\/\",\"url\":\"https:\\\/\\\/www.suomentislaamoliitto.fi\\\/wp-content\\\/uploads\\\/2024\\\/08\\\/tislaamologo.jpg\",\"contentUrl\":\"https:\\\/\\\/www.suomentislaamoliitto.fi\\\/wp-content\\\/uploads\\\/2024\\\/08\\\/tislaamologo.jpg\",\"width\":595,\"height\":595,\"caption\":\"Suomen Tislaamoliitto\"},\"image\":{\"@id\":\"https:\\\/\\\/www.suomentislaamoliitto.fi\\\/#\\\/schema\\\/logo\\\/image\\\/\"}}]}<\/script>\n<!-- \/ Yoast SEO plugin. -->","yoast_head_json":{"title":"Suomen Tislaamoliitto","description":"Kotimaiset tislaamot yhdistiv&auml;t voimansa perustamalla Suomen Tislaamoliiton -","robots":{"index":"index","follow":"follow","max-snippet":"max-snippet:-1","max-image-preview":"max-image-preview:large","max-video-preview":"max-video-preview:-1"},"canonical":"https:\/\/www.suomentislaamoliitto.fi\/","og_locale":"fi_FI","og_type":"article","og_title":"Suomen Tislaamoliitto","og_description":"Kotimaiset tislaamot yhdistiv&auml;t voimansa perustamalla Suomen Tislaamoliiton -","og_url":"https:\/\/www.suomentislaamoliitto.fi\/","og_site_name":"Suomen Tislaamoliitto","article_modified_time":"2024-09-24T16:01:26+00:00","og_image":[{"url":"https:\/\/www.suomentislaamoliitto.fi\/wp-content\/uploads\/2024\/09\/ar-150x150.png","type":"","width":"","height":""}],"twitter_card":"summary_large_image","twitter_misc":{"Arvioitu lukuaika":"2 minuuttia"},"schema":{"@context":"https:\/\/schema.org","@graph":[{"@type":"WebPage","@id":"https:\/\/www.suomentislaamoliitto.fi\/","url":"https:\/\/www.suomentislaamoliitto.fi\/","name":"Suomen Tislaamoliitto","isPartOf":{"@id":"https:\/\/www.suomentislaamoliitto.fi\/#website"},"primaryImageOfPage":{"@id":"https:\/\/www.suomentislaamoliitto.fi\/#primaryimage"},"image":{"@id":"https:\/\/www.suomentislaamoliitto.fi\/#primaryimage"},"thumbnailUrl":"https:\/\/www.suomentislaamoliitto.fi\/wp-content\/uploads\/2024\/09\/ar-150x150.png","datePublished":"2024-09-02T16:59:40+00:00","dateModified":"2024-09-24T16:01:26+00:00","description":"Kotimaiset tislaamot yhdistiv&auml;t voimansa perustamalla Suomen Tislaamoliiton -","breadcrumb":{"@id":"https:\/\/www.suomentislaamoliitto.fi\/#breadcrumb"},"inLanguage":"fi","potentialAction":[{"@type":"ReadAction","target":["https:\/\/www.suomentislaamoliitto.fi\/"]}]},{"@type":"ImageObject","inLanguage":"fi","@id":"https:\/\/www.suomentislaamoliitto.fi\/#primaryimage","url":"https:\/\/www.suomentislaamoliitto.fi\/wp-content\/uploads\/2024\/09\/ar.png","contentUrl":"https:\/\/www.suomentislaamoliitto.fi\/wp-content\/uploads\/2024\/09\/ar.png","width":424,"height":424},{"@type":"BreadcrumbList","@id":"https:\/\/www.suomentislaamoliitto.fi\/#breadcrumb","itemListElement":[{"@type":"ListItem","position":1,"name":"Etusivu","item":"https:\/\/www.suomentislaamoliitto.fi\/"},{"@type":"ListItem","position":2,"name":"Etusivu"}]},{"@type":"WebSite","@id":"https:\/\/www.suomentislaamoliitto.fi\/#website","url":"https:\/\/www.suomentislaamoliitto.fi\/","name":"Suomen Tislaamoliitto","description":"Kotimaiset tislaamot yhdistiv&auml;t voimansa perustamalla Suomen Tislaamoliiton","publisher":{"@id":"https:\/\/www.suomentislaamoliitto.fi\/#organization"},"alternateName":"Tislaamoliitto","potentialAction":[{"@type":"SearchAction","target":{"@type":"EntryPoint","urlTemplate":"https:\/\/www.suomentislaamoliitto.fi\/?s={search_term_string}"},"query-input":{"@type":"PropertyValueSpecification","valueRequired":true,"valueName":"search_term_string"}}],"inLanguage":"fi"},{"@type":"Organization","@id":"https:\/\/www.suomentislaamoliitto.fi\/#organization","name":"Suomen Tislaamoliitto","alternateName":"Tislaamoliitto","url":"https:\/\/www.suomentislaamoliitto.fi\/","logo":{"@type":"ImageObject","inLanguage":"fi","@id":"https:\/\/www.suomentislaamoliitto.fi\/#\/schema\/logo\/image\/","url":"https:\/\/www.suomentislaamoliitto.fi\/wp-content\/uploads\/2024\/08\/tislaamologo.jpg","contentUrl":"https:\/\/www.suomentislaamoliitto.fi\/wp-content\/uploads\/2024\/08\/tislaamologo.jpg","width":595,"height":595,"caption":"Suomen Tislaamoliitto"},"image":{"@id":"https:\/\/www.suomentislaamoliitto.fi\/#\/schema\/logo\/image\/"}}]}},"_links":{"self":[{"href":"https:\/\/www.suomentislaamoliitto.fi\/index.php\/wp-json\/wp\/v2\/pages\/135","targetHints":{"allow":["GET"]}}],"collection":[{"href":"https:\/\/www.suomentislaamoliitto.fi\/index.php\/wp-json\/wp\/v2\/pages"}],"about":[{"href":"https:\/\/www.suomentislaamoliitto.fi\/index.php\/wp-json\/wp\/v2\/types\/page"}],"author":[{"embeddable":true,"href":"https:\/\/www.suomentislaamoliitto.fi\/index.php\/wp-json\/wp\/v2\/users\/1"}],"replies":[{"embeddable":true,"href":"https:\/\/www.suomentislaamoliitto.fi\/index.php\/wp-json\/wp\/v2\/comments?post=135"}],"version-history":[{"count":19,"href":"https:\/\/www.suomentislaamoliitto.fi\/index.php\/wp-json\/wp\/v2\/pages\/135\/revisions"}],"predecessor-version":[{"id":325,"href":"https:\/\/www.suomentislaamoliitto.fi\/index.php\/wp-json\/wp\/v2\/pages\/135\/revisions\/325"}],"wp:attachment":[{"href":"https:\/\/www.suomentislaamoliitto.fi\/index.php\/wp-json\/wp\/v2\/media?parent=135"}],"curies":[{"name":"wp","href":"https:\/\/api.w.org\/{rel}","templated":true}]}}